(y) = 23*y**2 - 4*y + 3. Let v be d(2). Calculate the highest common factor of v and 29.
29
Let a(d) = -d**2 + 7*d + 2. Let s be a(5). Calculate the highest common divisor of s and 48.
12
Let z be 24/(-84) + (-226)/(-7). What is the highest common factor of z and 256?
32
Suppose -z + 4*z = 0. Suppose z = 4*a - 706 - 218. Suppose p = -2*w + 11, -p - 2*w - 94 = -5*p. What is the highest common divisor of a and p?
21
Let a = -559 - -1007. Suppose 4*g = 2*j + a, 0*j = -2*g + 2*j + 228. Calculate the highest common factor of 10 and g.
10
Let q be -3*40/75*(-45)/2. What is the highest common factor of q and 54?
18
Let c be -35*8/(-100)*(24 + 1). What is the greatest common divisor of 28 and c?
14
Let r be -15*(3 - 1)/(-2). Suppose 3*v = -v - 2*a + 292, a + 229 = 3*v. What is the highest common factor of r and v?
15
Let m be (4/3)/(2/3). Suppose a = -0*a - m*f + 83, 0 = 4*f - 4. What is the highest common factor of 9 and a?
9
Let x(z) = z**3 + 6*z**2 - 4*z. Let r be x(-4). Calculate the highest common divisor of r and 6.
6
Let h = 22 + -14. Suppose -f = -h - 46. Suppose 4*r + 2*r = 36. What is the highest common factor of r and f?
6
Suppose -4*j - u + 5 = 0, 6*u = -j + 5*u - 1. Suppose -c = -5*c + 12. Calculate the greatest common factor of j and c.
1
Let g = 76 - 46. Let d(u) = -10*u - 66. Let j(b) = 2*b + 13. Let z(r) = -3*d(r) - 16*j(r). Let y be z(-11). Calculate the greatest common factor of g and y.
6
Suppose 0 = -2*d - 0*d. Suppose 3*u - 5*u = 2*m - 24, -5*u - m + 56 = d. Calculate the highest common divisor of 11 and u.
11
Let a be 0 + 0 - (-10 - 5). Suppose 5*h = 34 - 4. What is the greatest common factor of h and a?
3
Let j be (-3)/((-219)/(-228) - 1). Suppose 0*r + j = 4*r. Suppose 2*m + y - 55 = 17, 0 = m + 5*y - 18. What is the highest common divisor of r and m?
19
Let p = 6 - 4. Let f = p - 0. Suppose 5*b = -2*h + 28, -b + 5 = 1. Calculate the greatest common factor of h and f.
2
Let l(g) = -g**2 - 10*g - 12. Let o be l(-8). Suppose 70 = 3*y + 2*a, -y - o*a = -2*y. What is the highest common divisor of 20 and y?
20
Let c = 1 + 8. Let x be (-13)/(-4) + (-1)/4. Suppose x*h = 5*h - 6. Calculate the greatest common divisor of h and c.
3
Let w(r) = 9*r**2 - 2*r - 14 + 1 + 3*r**3 - 2*r**3. Let f be w(-9). Calculate the greatest common factor of f and 5.
5
Let t = 72 - 7. Calculate the greatest common divisor of 13 and t.
13
Suppose -2*g - 2*g + 8 = 0. Suppose -4*o + g = 22. Let d be 6/(2 + o) + 13. What is the highest common factor of d and 33?
11
Let n(h) = -9*h**2 + 2*h + 1. Let f be n(2). Let c = -10 - f. Calculate the greatest common divisor of c and 7.
7
Let x = 27 + -9. Calculate the highest common factor of 72 and x.
18
Suppose 2*x + 8 = c, -3*c + 4*x + 30 = -0*c. What is the highest common divisor of c and 14?
14
Let s(t) = t**2 + 2*t - 4. Let a be s(-4). Suppose -5*y + 4*r = -136, 0*r + 115 = 4*y + 3*r. What is the highest common factor of a and y?
4
Let m = 60 + -30. Let v be -5*(-6)/20*-4. Let g = v + 9. Calculate the highest common factor of m and g.
3
Let d be (-6)/(-4)*(-1 - -37). What is the greatest common factor of 6 and d?
6
Let h be (-5)/(20/(-6))*-6. Let p = 4 - h. Calculate the greatest common divisor of p and 143.
13
Let l be 0 + (9 + 2)*3. Let y = l - 23. Calculate the highest common divisor of y and 4.
2
Let f be -7*2/(-3 - -1). Let k(o) be the first derivative of 10*o**2 - 8*o - 20. Let r be k(f). Calculate the greatest common divisor of r and 12.
12
Let f be 2/5 - 66/(-10). Let j be 1 - (-7)/((-14)/(-348)). Suppose g - j = -4*g. What is the greatest common divisor of f and g?
7
Let f be (33/9)/((-1)/(-15)). Suppose -4*w + 2*w - 12 = 2*u, -16 = 4*u - 4*w. Let b = u + 10. What is the greatest common factor of b and f?
5
Suppose -3*d - u = -317, -4*d = -d + 2*u - 319. What is the highest common factor of d and 21?
21
Let o be ((-176)/10)/((-2)/15). Suppose -o + 36 = -2*v. What is the greatest common divisor of v and 6?
6
Suppose -5*g + 4 = -1. Suppose -n + 2*i + 16 + 2 = 0, -2*i + 30 = 5*n. What is the greatest common divisor of n and g?
1
Let u(q) = 2*q**2 - q - 10. Let j be u(8). Let d be (-21)/(-2) + (-4)/(-8). What is the greatest common factor of d and j?
11
Suppose 2*n + 80 = 4*n. Let g be (-1)/(-4) - 15/(-4). What is the greatest common factor of n and g?
4
Let t(x) = -8*x - 62. Let p(m) = -3*m - 21. Let f(o) = -11*p(o) + 4*t(o). Let g be f(7). Let h = g + 34. What is the highest common divisor of h and 3?
3
Suppose q = -3*g - 11 + 1, 5*q + 5*g = 0. Suppose 0 = q*m + 1 - 6. Let l be -53*(m + -2) + 2. What is the highest common factor of 22 and l?
11
Suppose 7*g - 3*g = 176. Let p = 216 - 150. Calculate the highest common factor of p and g.
22
Suppose -1 = 3*w - 22. Let f = 12 - w. Let i(s) = -3*s**3 + s**2 - 2*s - 2. Let b be i(-2). Calculate the highest common factor of f and b.
5
Let c = 219 - 49. Calculate the highest common factor of 68 and c.
34
Let h(n) = -2*n - 3. Let a be h(-6). Suppose -x + a = -58. Suppose 5*v + 4*f = x, 3 + 0 = f. What is the greatest common divisor of v and 88?
11
Let u = 51 - 39. Calculate the greatest common factor of u and 20.
4
Let v be 1*90/6*13. Calculate the highest common divisor of v and 15.
15
Suppose 95 = -3*v + 2. Let p = v - -66. Let h = -15 + p. What is the highest common factor of 5 and h?
5
Suppose 0*h - 16 = -x - 3*h, 2*h = x + 4. Let z be (x/(-2))/(-2) + 125. Let l be ((-7)/(-3))/(7/z). What is the greatest common factor of l and 14?
14
Let m(f) = 2*f**2 + 2. Let z(h) = h - 1. Let b be z(3). Let l be -5*-2*b/(-10). Let x be m(l). What is the greatest common divisor of 40 and x?
10
Let h(i) = i**3 + i**2 + 4*i - 5. Let k be h(2). What is the highest common divisor of 60 and k?
15
Let x(r) = -10*r**2 + 2*r. Suppose 9*t - 10 = 4*t. Let m be x(t). Let u be (21/(-12))/(3/m). Calculate the highest common factor of 84 and u.
21
Let s = 331 - 179. Calculate the greatest common divisor of s and 19.
19
Suppose 4*h + 2*h + 120 = 0. Let l be 3*3*h/(-10). What is the highest common factor of 6 and l?
6
Suppose 8 = 4*t - 0*t. Suppose 0 = t*f - 35 - 13. Calculate the greatest common divisor of f and 24.
24
Let u = -16 + 24. Suppose -m + 34 = u. Calculate the greatest common divisor of 65 and m.
13
Let p(v) = v**3 + v**2 - v + 8. Let n be p(0). Suppose -a = -3*a + 8. Suppose 3*g = a*q - 25, 3*q - g = 8*q - 17. What is the highest common factor of q and n?
4
Let m(j) = -j**3 - 2*j**2 + 5. Let n be m(-5). Let h = 118 - n. What is the greatest common divisor of 57 and h?
19
Let a be ((-16)/6)/((-8)/36). Suppose -4*j + a = 0, 0 = m + 2*j + 2*j - 23. What is the greatest common factor of m and 22?
11
Let v(l) = -l + 98. Let o be v(0). What is the greatest common factor of o and 14?
14
Suppose 0 = 4*g + 12, 2*f - 3 = -3*g + 2. What is the highest common factor of 1 and f?
1
Let j(b) = b**2 + 11*b + 4. Let s be j(-13). What is the highest common factor of 45 and s?
15
Suppose -5*k + 21 = 3*i, -4*i = -0*i - 8. What is the greatest common factor of k and 9?
3
Let w be (-14 + -1)/(-3) + -1. Suppose 2*c - 4 = -4*g, -3*c = 4*g - 3*g - 6. Let l be (6/(-3))/(-1*c). What is the greatest common divisor of l and w?
1
Let g = 59 - 39. Calculate the greatest common factor of g and 60.
20
Let j(s) = s**2 + s + 1. Let u be j(0). Suppose f = 8 + u. Calculate the highest common factor of 6 and f.
3
Let z(l) = 2*l**2 - 20*l + 15. Let s be z(15). Calculate the highest common factor of s and 15.
15
Let x = -54 + 86. Suppose 3*r + x = -r. Let w = -4 - r. Calculate the greatest common factor of 32 and w.
4
Let j(s) = s**3 + 4*s**2 - 6*s + 5. Let r be j(-5). Let o be 58*(r/(-4) - -3). Calculate the highest common divisor of 58 and o.
29
Suppose -5*v = 4*p + 8, 4*p + v = -29 + 5. Let k = 10 + p. What is the greatest common divisor of 3 and k?
3
Suppose 0*s - 10 = t + 3*s, 0 = -t - 5*s - 18. Calculate the greatest common factor of 6 and t.
2
Let d be 1/(-2)*32*-1. Let j(t) = 3*t - 9*t**2 - 4*t - t**3 + 10*t**2 + 24. Let v be j(0). What is the greatest common factor of d and v?
8
Suppose -4*v = -26 + 6. Let u(p) = p**3 + 3*p**2 + 2*p + 7. Let m be u(-3). What is the greatest common factor of v and m?
1
Let p = -11 - -16. Suppose -18 = -p*c + 82. Calculate the highest common divisor of c and 4.
4
Suppose 4*g =